ainder when 1342607 is divided by 1342606.
1
Calculate the remainder when 6116316 is divided by 787.
539
What is the remainder when 5350488 is divided by 58?
46
What is the remainder when 98588919 is divided by 37948?
15
What is the remainder when 1885549 is divided by 178?
173
Calculate the remainder when 18394 is divided by 17701.
693
Calculate the remainder when 52601850 is divided by 424.
410
Calculate the remainder when 217191 is divided by 761.
306
Calculate the remainder when 1684837 is divided by 120.
37
Calculate the remainder when 1989027 is divided by 5153.
5122
Calculate the remainder when 155726 is divided by 51684.
674
What is the remainder when 3268636 is divided by 1089462?
250
Calculate the remainder when 37685 is divided by 36889.
796
Calculate the remainder when 2656591 is divided by 863.
277
Calculate the remainder when 79068289 is divided by 26356095.
4
Calculate the remainder when 51 is divided by 48.
3
What is the remainder when 116497 is divided by 5089?
4539
Calculate the remainder when 3111102 is divided by 622209.
57
Calculate the remainder when 1098262 is divided by 137265.
142
Calculate the remainder when 294392 is divided by 420.
392
What is the remainder when 742325 is divided by 6569?
28
What is the remainder when 5296003 is divided by 2076?
127
Calculate the remainder when 80808 is divided by 26771.
495
Calculate the remainder when 57161 is divided by 27885.
1391
What is the remainder when 19398998 is divided by 1453?
1448
What is the remainder when 2407538 is divided by 1203766?
6
What is the remainder when 76202798 is divided by 6?
2
What is the remainder when 13361798 is divided by 4453932?
2
Calculate the remainder when 3208863 is divided by 12.
3
Calculate the remainder when 2234561 is divided by 255.
251
What is the remainder when 333984 is divided by 1415?
44
Calculate the remainder when 74001 is divided by 474.
57
Calculate the remainder when 3267276 is divided by 3267078.
198
Calculate the remainder when 6997657 is divided by 10382.
189
Calculate the remainder when 37161 is divided by 37087.
74
What is the remainder when 1640038 is divided by 198?
4
Calculate the remainder when 4144031 is divided by 3545.
3471
Calculate the remainder when 28990 is divided by 998.
48
What is the remainder when 20647883 is divided by 4537?
4533
Calculate the remainder when 569633 is divided by 284816.
1
What is the remainder when 21181876 is divided by 366?
358
What is the remainder when 694182 is divided by 1157?
1139
What is the remainder when 2007956 is divided by 40?
36
Calculate the remainder when 376528 is divided by 376157.
371
Calculate the remainder when 145935549 is divided by 2208.
2205
Calculate the remainder when 13541583 is divided by 73.
10
What is the remainder when 1509505 is divided by 377?
374
What is the remainder when 8931531 is divided by 85880?
11
Calculate the remainder when 408759 is divided by 204307.
145
What is the remainder when 1424160 is divided by 142357?
590
What is the remainder when 4244261 is divided by 1414743?
32
Calculate the remainder when 5512191 is divided by 42.
27
What is the remainder when 967949 is divided by 2898?
17
Calculate the remainder when 7354666 is divided by 13645.
11
What is the remainder when 1778384 is divided by 328?
296
Calculate the remainder when 6173540 is divided by 455.
100
What is the remainder when 20065773 is divided by 91?
0
Calculate the remainder when 722188 is divided by 72.
28
Calculate the remainder when 16130137 is divided by 2688353.
19
Calculate the remainder when 44722 is divided by 14717.
571
What is the remainder when 152906 is divided by 2247?
110
What is the remainder when 151144 is divided by 1192?
952
What is the remainder when 26757894 is divided by 31?
27
Calculate the remainder when 2759004 is divided by 102184.
36
What is the remainder when 1170895 is divided by 17?
3
Calculate the remainder when 88964 is divided by 88838.
126
Calculate the remainder when 8729298 is divided by 134.
2
What is the remainder when 28457 is divided by 303?
278
Calculate the remainder when 117995 is divided by 1761.
8
What is the remainder when 84793 is divided by 345?
268
What is the remainder when 16988964 is divided by 33575?
14
Calculate the remainder when 20217494 is divided by 42563.
69
What is the remainder when 2382890 is divided by 13934?
176
Calculate the remainder when 416353 is divided by 1834.
35
What is the remainder when 319772907 is divided by 4623?
4620
Calculate the remainder when 13063547 is divided by 10.
7
Calculate the remainder when 40780 is divided by 2703.
235
What is the remainder when 18740316 is divided by 669297?
0
Calculate the remainder when 836351 is divided by 104475.
551
What is the remainder when 2582464 is divided by 135862?
1086
What is the remainder when 73075 is divided by 2302?
1713
What is the remainder when 57416263 is divided by 3377426?
21
Calculate the remainder when 155731366 is divided by 39.
37
What is the remainder when 233368 is divided by 1138?
78
What is the remainder when 812349 is divided by 4467?
3822
Calculate the remainder when 7400782 is divided by 624.
142
What is the remainder when 57924774 is divided by 14?
12
What is the remainder when 1238514 is divided by 16734?
198
What is the remainder when 193125 is divided by 193090?
35
Calculate the remainder when 24350075 is divided by 24350065.
10
What is the remainder when 94688128 is divided by 47344062?
4
What is the remainder when 5299936 is divided by 629?
611
Calculate the remainder when 53991 is divided by 149.
53
What is the remainder when 15803 is divided by 5246?
65
What is the remainder when 3147916 is divided by 8?
4
What is the remainder when 24899148 is divided by 1164?
24
What is the remainder when 326812 is divided by 873?
310
What is the remainder when 1068830 is divided by 1068730?
100
Calculate the remainder when 19278817 is divided by 238010.
7
Calculate the remainder when 2401837576 is divided by 2751.
2749
Calculate the remainder when 134423 is divided by 36.
35
What is the remainder when 53270573 is divided by 48?
29
What is the remainder when 32169579 is divided by 6433912?
19
What is the remainder when 406278 is divided by 686?
166
Calculate the remainder when 128508 is divided by 364.
16
What is the remainder when 205024914 is divided by 72833?
19
What is the remainder when 4103087 is divided by 210?
107
Calculate the remainder when 25743637 is divided by 31.
28
What is the remainder when 22697068 is divided by 315?
58
What is the remainder when 60953098 is divided by 12?
10
What is the remainder when 631480 is divided by 90211?
3
What is the remainder when 146196 is divided by 1752?
780
Calculate the remainder when 349625 is divided by 1153.
266
What is the remainder when 4246721 is divided by 2254?
185
Calculate the remainder when 5865217 is divided by 1466303.
5
Calculate the remainder when 21457532 is divided by 10728766.
0
Calculate the remainder when 1223792 is divided by 55.
42
Calculate the remainder when 696545 is divided by 10308.
5909
Calculate the remainder when 3017122 is divided by 23756.
110
What is the remainder when 707836 is divided by 6279?
4588
Calculate the remainder when 586897 is divided by 2795.
2742
What is the remainder when 2573371 is divided by 314?
141
What is the remainder when 11601859 is divided by 5800904?
51
Calculate the remainder when 113840616 is divided by 1177.
1176
Calculate the remainder when 3041293 is divided by 3041280.
13
What is the remainder when 15350117 is divided by 7?
6
Calculate the remainder when 318949 is divided by 3127.
3122
What is the remainder when 1454321 is divided by 45?
11
What is the remainder when 3671871 is divided by 111?
102
What is the remainder when 17627831 is divided by 2150?
2131
Calculate the remainder when 18354285 is divided by 272.
269
Calculate the remainder when 103261 is divided by 6733.
2266
Calculate the remainder when 6721258 is divided by 54.
40
Calculate the remainder when 37829 is divided by 3985.
1964
What is the remainder when 27139956 is divided by 1593?
15
Calculate the remainder when 2357679 is divided by 272.
255
What is the remainder when 159385 is divided by 555?
100
What is the remainder when 15015806 is divided by 98?
50
Calcula